4*g**2 + i*g**3 + 9*g + g**3 - 11*g**2. Let z be a(6). What is the greatest common factor of 12 and z?
6
Let s = -2 + 3. Let q(x) = 10*x. Let u be q(s). Suppose 0 = -2*g + 234 - 94. What is the greatest common divisor of u and g?
10
Let l(m) = m**2 + 2*m + 4. Let v be l(-3). Let c(d) = d**2 - 4*d - 1. Let j be c(5). Let r = j + 17. Calculate the greatest common divisor of r and v.
7
Let h(q) = -8*q - 7. Let n be h(-11). Calculate the highest common factor of 54 and n.
27
Suppose -5*x + 538 = -2182. Suppose 4*m - x = -220. What is the highest common divisor of m and 9?
9
Let r = 21 + -11. Suppose -4*b + 129 = 3*v, 4*v = -2*b + 39 + 33. What is the greatest common factor of r and b?
10
Let t(k) = k**3 - 8*k**2 + 8*k - 12. Let h be t(8). What is the highest common divisor of h and 130?
26
Suppose -2*v - 8 = -2*r, r = -4*v - 0*v - 1. Calculate the highest common divisor of r and 3.
3
Let g(o) = -o**3 + 5*o**2 + 2*o - 7. Let p be g(5). What is the greatest common factor of 1 and p?
1
Suppose 16*g - 12*g - 476 = 0. Suppose -g = -c + 2. Calculate the highest common divisor of 11 and c.
11
Let w(j) = j**3 + 5*j**2 - 5*j + 9. Let q be w(-5). Calculate the highest common divisor of 34 and q.
34
Suppose 5*l - 54 = 2*l. What is the greatest common divisor of l and 54?
18
Suppose 18*v - 499 = 2381. Calculate the greatest common factor of 10 and v.
10
Let v(z) = z**2 + 4*z - 8. Let n be v(-7). Calculate the highest common factor of n and 13.
13
Suppose 6*k = 4*k + 4. Calculate the highest common divisor of 1 and k.
1
Let i be 2*(-1 + 0) + 28. Let z(n) = n**3 - 15*n**2 - 15*n + 23. Let u be z(16). What is the greatest common divisor of i and u?
13
Suppose 5*l = -6*l + 330. What is the greatest common factor of l and 10?
10
Let h = 71 - 45. Let w be (h/(-8))/(1/(-4)). Let k be 22/(-4)*(2 - 28). Calculate the greatest common divisor of k and w.
13
Let f(r) = r**3 + 6*r**2 - 2*r + 2. Let d be f(-4). What is the greatest common divisor of d and 21?
21
Let h be (-64)/(-3) + 56/(-42). What is the highest common factor of 20 and h?
20
Let s(p) = p**3 - 8*p**2 + 2*p - 10. Let f be s(8). Calculate the greatest common factor of f and 48.
6
Suppose a - 3*a + 36 = 0. What is the greatest common factor of 45 and a?
9
Let q(v) = v**2 - 4*v + 2. Let i be q(4). Suppose -7*w = -8*w + 8. What is the highest common divisor of w and i?
2
Let s be 7/(28/8) - 8. Let d be (s/3)/((-2)/20). What is the greatest common divisor of d and 220?
20
Let y(n) = -n**3 - 7*n**2 + 7*n - 1. Let b = -22 - -14. Let h be y(b). What is the greatest common factor of 63 and h?
7
Suppose -2*a - 466 = -2*h - 2*h, 5*h - 4*a - 581 = 0. Calculate the greatest common divisor of h and 39.
39
Suppose -3*h = -2 + 50. Let g be h/(-20)*5/2. Let t = g + 9. Calculate the greatest common factor of t and 88.
11
Suppose -3*q = -2*g - 22, -2*g = -q + 49 - 19. Let x = -10 - g. Calculate the highest common factor of 1 and x.
1
Let u(h) = h**3 + 7*h**2 - h + 4. Let j = -17 - -10. Let v be u(j). What is the greatest common factor of v and 121?
11
Suppose -5*k + 19 + 56 = 0. Calculate the highest common divisor of 15 and k.
15
Suppose 3*t - 250 = -5*u, 0 = -5*t + 3*u + 2*u + 350. Let f = t + -12. Calculate the greatest common divisor of 21 and f.
21
Let n(y) = -9*y - 9. Let a(w) = w**3 + 5*w**2 - 5*w + 2. Let m be a(-6). Let g be n(m). Calculate the highest common divisor of g and 18.
9
Let r(a) be the second derivative of -a**5/20 - a**4/2 + a**3/2 + a. Let v be r(-7). What is the greatest common divisor of v and 14?
14
Suppose -5*i + 1653 = 153. Calculate the greatest common factor of i and 12.
12
Suppose -t = -5*i + 270, 4*t = 9*t. What is the greatest common divisor of 9 and i?
9
Let n(b) be the first derivative of b**4/4 + b**2/2 + 4*b - 1. Let u be n(0). Calculate the highest common divisor of u and 10.
2
Suppose -49 = v + 27. Let s = 106 + v. What is the greatest common divisor of s and 75?
15
Let s(v) = 3*v + 24. Let p be s(6). Calculate the greatest common divisor of p and 105.
21
Suppose -8 = -q + 2*q + z, 0 = -4*q + 4*z - 16. Let h(o) = o - 10 + 9 - o**2 - 6*o + 9. Let g be h(q). Calculate the greatest common factor of g and 2.
2
Let x = -21 - 2. Let w = x - -32. What is the greatest common factor of 63 and w?
9
Suppose 75 = -2*k + 4*k + 5*q, 5*k = 3*q + 234. What is the greatest common factor of k and 5?
5
Let p be (0 + -64)*(280/(-32))/5. What is the greatest common divisor of p and 16?
16
Suppose 6*m = m + 65. Calculate the highest common divisor of 104 and m.
13
Suppose 8 = 5*p - 42. Let z(t) = -25*t. Suppose -3 - 2 = 5*c. Let f be z(c). Calculate the greatest common divisor of f and p.
5
Let u be 158/4 + 3/6. Let t = -63 - -73. What is the highest common divisor of u and t?
10
Suppose -7 - 5 = 3*k, -5*y - 2*k = 53. Let c be (-6)/y*3 + 0. Suppose c*u - 33 - 19 = -2*q, -5*u - 2*q = -124. Calculate the highest common factor of 36 and u.
12
Let w be 2/11 - (-141)/11. What is the highest common factor of w and 104?
13
Suppose 39 = 4*y - 73. Suppose 14 = 3*z - 2*z. Calculate the greatest common factor of y and z.
14
Suppose 2*r + 4 = -14. Let c be 2/r - (-3792)/54. What is the greatest common factor of 10 and c?
10
Suppose -4*c - 4*t + 552 = 0, -3*c - t = 2*c - 674. Suppose -3*s = -4*s - c. Let x be s/(-11) + 4/(-22). Calculate the greatest common divisor of x and 36.
12
Suppose 0 = c - 0*a - 2*a - 4, 4*c + 4*a = 64. Suppose -w + 14 = -46. What is the greatest common divisor of w and c?
12
Suppose 6*p = 2*p + 48. Suppose 20 = 2*j + y - 19, -y + 21 = j. Let b = j + p. Calculate the greatest common factor of b and 10.
10
Let v = 5 + -1. Suppose -v*c = c + 15. Let f(s) = -4*s + 4. Let x be f(c). Calculate the greatest common factor of x and 112.
16
Let j be (4/(-4)*0)/(-2). Suppose j = 2*i + 4, -8*p + 6 = -3*p + 2*i. Calculate the greatest common factor of p and 2.
2
Let o be 296/3 + (-1)/(-3). Let j = -12 + 21. What is the highest common divisor of j and o?
9
Let w(j) = j**3 - 2*j**2 - 13*j + 3. Let a be w(6). Suppose l + 8 - 22 = 0. Suppose 0 = -g + l + 9. Calculate the highest common divisor of a and g.
23
Let a(q) = -3*q**3 - 4*q + 3*q**3 - 4*q**3 + 3*q**3 - 3. Let r be a(-4). What is the highest common factor of 11 and r?
11
Let q(c) = -c**2 + 5*c - 2. Let z be q(3). Suppose -m + z*m = 39. Let u = m + 1. Calculate the highest common factor of u and 14.
14
Let z be (-1 - 0)/((-8)/136). What is the highest common divisor of 153 and z?
17
Suppose 2*n - 4*n + 5*j + 28 = 0, -32 = -3*n + 5*j. Suppose 5*q = 4*q - 4. Let d be q*((-9)/(-6) - 2). What is the greatest common divisor of n and d?
2
Suppose 3*u - 9*u = -744. Calculate the highest common factor of u and 31.
31
Let h be -5*(-2 + (-18)/(-5)). Let a be h/28 - 51/(-7). Let k = -5 + 6. What is the greatest common divisor of k and a?
1
Let t(l) = l**3 + 8*l**2 + 3*l - 3. Let y be t(-5). Calculate the highest common divisor of 38 and y.
19
Let r(m) = m**2 + 4*m - 1. Let a be r(-6). Suppose 97 + 24 = z. Calculate the greatest common divisor of a and z.
11
Suppose 4*f - 6*f = -12. Let v be 2/(-1) + f/2. Let r be (38 - (2 - 5)) + v. What is the greatest common divisor of 21 and r?
21
Let a = -8 - -12. Suppose -2*h - 18 = -a*h. What is the greatest common factor of 9 and h?
9
Let a = -17 + 37. Suppose 2*p + 28 = 5*r, -2*r = 4*p - 3*r + 92. Let n = 54 + p. What is the highest common divisor of n and a?
10
Let r be 2/(-4) - 13/(-2). Suppose 9 = -5*k + r*k. Suppose 0*d = d - k. Calculate the highest common divisor of d and 9.
9
Suppose 0 = 4*l + 8, -2*s - l + 2 = -0*l. Let t = s - -2. Let x(o) = 5*o + 2. Let a be x(t). What is the highest common factor of a and 11?
11
Let u(x) = 2*x**2 - 13*x + 8. Let j be u(8). Calculate the greatest common divisor of 4 and j.
4
Let a = -15 - -21. Calculate the greatest common divisor of 18 and a.
6
Let n be (-212)/(-5) + (-6)/15. Suppose 30 = 6*m - 6. Calculate the highest common divisor of n and m.
6
Suppose 2*f + 2*m - 36 = 0, 0 = -2*f + 5*m - 13 + 63. Calculate the highest common factor of 30 and f.
10
Suppose 4*h = -h + 4*i + 122, -2*i + 104 = 5*h. Let z be 5/((1 + 3)/44). What is the highest common divisor of z and h?
11
Suppose 3*y - 24 = -4*m, 0*m - 10 = -2*m - y. Suppose m*v - v = 14. Calculate the greatest common divisor o